culate the greatest common factor of n and 15.
15
Suppose 12*i = -i + 702. Calculate the highest common divisor of 36 and i.
18
Let w(q) = -q**3 - 4*q**2 + q - 5. Let h be w(-5). Suppose 3*f = -h + 63. Calculate the greatest common divisor of 8 and f.
8
Suppose 0 = 4*g + 2*s - 62, -2*s + 20 = g - 0. What is the greatest common divisor of g and 56?
14
Let l(i) = -3*i + 28. Let a be l(0). What is the greatest common divisor of 196 and a?
28
Let o(i) = -8*i - 6*i**2 + 4 + i**2 - i**3 - 2*i**2. Let w be o(-6). Let m(s) = s**2 + 4*s + 2. Let t be m(-4). What is the greatest common factor of t and w?
2
Let q(p) be the second derivative of -11*p**3/3 - 2*p**2 - 2*p. Let x be q(-4). What is the greatest common factor of x and 12?
12
Suppose -2*a = -a - 3*q - 301, -5*q + 1119 = 4*a. Suppose 4*v = 2*u + 110, 0 = -4*u + 2*u - 6. Calculate the greatest common factor of a and v.
26
Let w be (-2)/7 + (-116)/(-14). Suppose -b = 3*a - 333, 5*a + w*b - 545 = 3*b. Calculate the highest common divisor of a and 28.
28
Suppose 2*t - 5*q = 19, 0 = 3*t + 5*q - 48 - 18. What is the greatest common divisor of t and 17?
17
Let a = 6 - 5. Let i be 1 - (7 - a)/(-3). Calculate the highest common divisor of 21 and i.
3
Suppose 5*z - 191 = -71. Calculate the highest common factor of 8 and z.
8
Let n(w) = 2*w + 4. Let m be n(5). Let r be 0/(-1) - m/(-1). Suppose -6*q + 2*q = b - 7, 0 = 2*q. What is the greatest common factor of r and b?
7
Let r = 54 + -33. What is the highest common divisor of r and 105?
21
Let h(k) = 19*k**3 + 1. Let l = 3 + -2. Let t be h(l). Suppose -4*s - t = 0, 0*s = 5*a - 4*s - 790. What is the greatest common divisor of a and 14?
14
Suppose -5*r - 28 = -m, 3*m - 44 = 4*r - 4. Calculate the greatest common divisor of 56 and m.
8
Let g = 117 - 85. Let h = -38 - -54. What is the greatest common divisor of h and g?
16
Let r(a) = a**2 + 3*a - 5. Suppose -z + 4*w = z + 24, -3*z + w - 26 = 0. Let h be r(z). What is the highest common divisor of 5 and h?
5
Let t(x) = 4*x**3 - 3*x**2 + 7*x - 1. Let m be t(2). Calculate the highest common divisor of 33 and m.
33
Suppose 72 = 2*g - 104. What is the greatest common divisor of 11 and g?
11
Suppose 4*m - 4 = 0, 5*f + 2 = 3*m - 1. Suppose -2*c + 126 = 3*j, 0 = 5*c - f*j - j - 332. Calculate the greatest common divisor of 6 and c.
6
Let q(h) = -4*h - 2. Let v be q(-7). Calculate the highest common divisor of 65 and v.
13
Let y = -57 + 66. What is the highest common divisor of y and 99?
9
Let r(u) = -u**2 + 1. Let l be r(1). Suppose l*v + 8 = 2*v. Suppose -3*n + 218 - 33 = 4*p, 2*p = -v*n + 100. What is the highest common factor of p and 11?
11
Let c = 57 - 111. Let q = 15 - c. What is the highest common factor of q and 23?
23
Let w be 3/(-1) + 1 + 19. Let b(f) = f**2 + 5*f - 2. Let d be b(4). Calculate the greatest common factor of w and d.
17
Let u(j) = -34*j - 1. Let t be u(-2). Let q be t - (1/1 - -1). What is the greatest common factor of 13 and q?
13
Let s = -384 + 594. Suppose -2*o = -78 - s. Let r be 1*-5*o/(-15). What is the greatest common divisor of r and 12?
12
Let d be (2*23)/(6/9). Let t = d + -39. Suppose -t = -4*s + s. Calculate the highest common factor of s and 50.
10
Let b(n) = n**3 + n**2 + n + 16. Let q be b(0). Suppose 83 = 8*t + 19. What is the greatest common divisor of t and q?
8
Let j be ((-12)/(-9)*-3)/(1/(-4)). What is the highest common divisor of j and 64?
16
Let u = 596 + -353. Let g = 343 - u. Calculate the highest common factor of 10 and g.
10
Suppose 0 = 2*o + j - 445, -4*j + 9*j = -3*o + 650. Let t = 9 - -16. What is the greatest common factor of t and o?
25
Let p be ((24/15 - 4) + 3)*155. What is the greatest common factor of 62 and p?
31
Let o(p) = 2*p + 1. Let u be o(3). What is the highest common factor of u and 77?
7
Let l(m) = 6*m**3. Let n = -3 + 2. Let c be l(n). Let y be 286/14 - c/(-14). Calculate the greatest common factor of 8 and y.
4
Suppose 4*r - 13 = -6*n + 3*n, -3*r = 15. What is the highest common factor of n and 11?
11
Suppose -3*q - 352 = -4*d - 0*q, -2*d - 4*q = -154. Let v = -52 + d. Let b be 22/3*3 + 0. What is the highest common factor of v and b?
11
Let b(z) = 8*z**2 + 3*z + 1. Let l be b(4). Let c = 237 - l. Calculate the greatest common divisor of 12 and c.
12
Suppose -224 = -3*q + 3*d - 2*d, 0 = 5*q + d - 368. What is the greatest common factor of q and 37?
37
Let s(i) = -3*i - 1. Let b be s(-1). Suppose -5*r + b*r = -60. Calculate the highest common divisor of r and 180.
20
Let l(h) = -8*h**2 - 4*h + 1. Let y(c) = 15*c**2 + 8*c - 1. Let v(q) = 7*l(q) + 4*y(q). Let k be v(-2). What is the highest common factor of 11 and k?
11
Let x(j) = 11*j - 35. Let p(z) = -4*z + 12. Let y(q) = 17*p(q) + 6*x(q). Let h be y(-7). Calculate the greatest common factor of 16 and h.
8
Suppose z - 4 + 1 = 0. Suppose 0 = -z*j - 5*d + 36, -2*j - 5*d = -0*d - 24. Calculate the highest common divisor of 60 and j.
12
Suppose 5*u = -0*u + 50. Let m(j) = -3*j**2 + 10*j**2 + 3*j - 8 + u. Let o be m(-2). What is the highest common factor of o and 3?
3
Suppose -4*b + 74 = 5*w + 2, 0 = -5*b - 10. Calculate the highest common divisor of 64 and w.
16
Let p(j) = -9*j**2 - 2 + 1 - j + 10*j**2. Let s be p(8). What is the highest common factor of 5 and s?
5
Let m(p) = p**3 - p**2 - 6. Let w be m(0). Let f(r) = r + 10. Let d be f(w). Let b = -2 + d. Calculate the highest common divisor of 5 and b.
1
Suppose 4*c - 60 = -0*c. Calculate the highest common divisor of c and 6.
3
Suppose -2*j + 100 = 2*j. Suppose -f + j - 6 = -3*o, 2*o = -2. Let m be (14/21)/(1/72). What is the greatest common factor of m and f?
16
Suppose -2*l - j = 53, -2 = -3*j - 11. Let m = 36 + l. Let u = -5 + 49. What is the greatest common divisor of u and m?
11
Suppose -5*a - 50 = -5*k, 0*k + 2*a = -k + 1. Let h be (-3 + 1)*21/(-2). Suppose 0*p - h = -p. What is the highest common factor of p and k?
7
Let q(z) = -z + 8. Let o be q(-6). Suppose o = -3*a + 47. Calculate the greatest common divisor of a and 55.
11
Let f be 57 + 5/(-1) + 4. What is the greatest common factor of 7 and f?
7
Let l be 114/(-9)*(-12)/8. Calculate the greatest common divisor of l and 209.
19
Let j(x) = -x**2 - 1. Let d(h) = -6*h**2 - h - 7. Let g(o) = -d(o) + 5*j(o). Let n be g(2). Let t = 33 - 9. What is the highest common factor of n and t?
8
Let p = -38 - -47. Let d be -1*2 - 6/(-1). Let b(q) = q**3 - 4*q**2 + q - 3. Let z be b(d). Calculate the highest common divisor of z and p.
1
Let q be (-2 + 1)/(1/(-12)). Let t be (-21)/((-28)/q - -2). Let d = 17 + -10. Calculate the highest common factor of t and d.
7
Let g be 12 + (-3 + 2 - 1). What is the greatest common divisor of 70 and g?
10
Suppose -i - 6*i = -98. Calculate the greatest common factor of 7 and i.
7
Let a(h) = 12*h + 3. Let c be a(3). Calculate the highest common factor of c and 312.
39
Let s(j) = j**3 - 5*j**2 - 5*j + 9. Suppose 3*k + 3 = -9, d + 2*k + 2 = 0. Let l be s(d). What is the highest common factor of l and 15?
15
Let h(b) = -b + 3. Let n be h(-8). Suppose 4*q + 5*i - 77 = 3*q, -2*i = 0. What is the highest common factor of q and n?
11
Suppose 5*m - 16 = 14. Let k be 1/((m/(-2))/(-72)). Calculate the highest common divisor of 3 and k.
3
Let w(u) = -u**2 - 11*u - 12. Let t be w(-4). Calculate the highest common factor of 2 and t.
2
Let c be (1 - 1)/((-2)/(-1)). Let o be -8*(-6 + c + 1). Let n(a) = -a**3 - 5*a**2 - 2*a. Let i be n(-5). Calculate the greatest common divisor of i and o.
10
Suppose -2*b + l = -29, b - 20 = 2*l + 2. Calculate the greatest common factor of 12 and b.
12
Suppose 0 = 13*a - 161 - 34. What is the highest common divisor of a and 45?
15
Suppose -f = 2*f - 45. Suppose 5*d - 75 = -20*d. Calculate the greatest common divisor of f and d.
3
Let z(w) = 15*w - 39. Let b be z(13). Calculate the highest common divisor of b and 12.
12
Let g(f) = 8*f - 2. Let p be g(4). Suppose -q + 43 = -2*x, -5*q - p = x + 19. Let d = x - -45. What is the highest common divisor of 14 and d?
7
Let x = 73 + -46. Calculate the greatest common divisor of x and 189.
27
Let n(r) = r**3 + 6*r**2 - 8*r + 5. Let w be n(-7). What is the greatest common factor of 108 and w?
12
Suppose -4*v - 3 = -m - 0, 2*m = 3*v + 21. Let f be ((-2)/4)/((-6)/36). What is the greatest common divisor of f and